what is 11111000011 - -110110?
11111111001
In base 14, what is -8 + -30b57?
-30b61
In base 12, what is 1782 - a?
1774
In base 2, what is -101101010 + 100001010?
-1100000
In base 4, what is 102102 - -132?
102300
In base 14, what is -ac258 + -1?
-ac259
In base 10, what is 261222 - 10?
261212
In base 4, what is -13010 - 2312?
-21322
In base 6, what is -101 + -14143?
-14244
In base 7, what is -6 + -1642143?
-1642152
In base 7, what is -2452130 - -2?
-2452125
In base 10, what is -67397 - 5?
-67402
In base 7, what is -1211121 + -5?
-1211126
In base 15, what is 26a + -30?
23a
In base 5, what is 4 + -1104421?
-1104412
In base 13, what is a - -1783?
1790
In base 11, what is -29 - 178a7?
-17925
In base 8, what is -12 - -422?
410
In base 4, what is 11 - 1032101221?
-1032101210
In base 7, what is -666 + 256?
-410
In base 11, what is a8a + 172?
1151
In base 12, what is a - 3807?
-37b9
In base 8, what is -21 - -213670?
213647
In base 8, what is -4205 + -23?
-4230
In base 14, what is -35 + -3519?
-3550
In base 5, what is 3 + -2444043?
-2444040
In base 9, what is -11 + 5275?
5264
In base 5, what is -10003422 + -4?
-10003431
In base 14, what is -10d0448 + -3?
-10d044b
In base 2, what is -1000101 + 101111111110110?
101111110110001
In base 12, what is -10b4 - 82?
-1176
In base 15, what is 4b9eb - 7?
4b9e4
In base 5, what is 12144243 - 10?
12144233
In base 3, what is 1202 + 1122?
10101
In base 9, what is 4011050 + -1?
4011048
In base 6, what is -23 + -113411?
-113434
In base 9, what is -8 - 12714?
-12723
In base 16, what is 4 + 127fa?
127fe
In base 9, what is -3353 + 56?
-3286
In base 10, what is -1068205 - 1?
-1068206
In base 5, what is 11430 - -20?
12000
In base 6, what is -4151 + 2542?
-1205
In base 13, what is -1 - -7c8ba?
7c8b9
In base 16, what is -1cc7 - -5?
-1cc2
In base 3, what is -2000212 - 10102?
-2011021
In base 12, what is 3b + -1108?
-1089
In base 3, what is 12100010 + -21201?
12001102
In base 8, what is -34 - -14705?
14651
In base 7, what is -63525 - -5?
-63520
In base 8, what is 4 - 5637?
-5633
In base 12, what is -5 + -9b44?
-9b49
In base 9, what is -184 - 7607?
-7802
In base 12, what is a5 + -1b04?
-1a1b
In base 13, what is -1c2 - -38?
-187
In base 15, what is -25 + 939?
914
In base 16, what is -3 - -211c?
2119
In base 6, what is -3351 - -1005?
-2342
In base 9, what is -6346 + 1?
-6345
In base 14, what is 2 - 92711?
-9270d
In base 3, what is 1 - -120201202?
120201210
In base 5, what is 4134303114 - 4?
4134303110
In base 4, what is 103 - -31012?
31121
In base 12, what is 17 + -503?
-4a8
In base 3, what is -1 - -110112122020?
110112122012
In base 6, what is -20 - 3000055?
-3000115
In base 2, what is -101111110010 + 1110100001?
-100001010001
In base 11, what is -5 + 5939?
5934
In base 10, what is -22 - 3960?
-3982
In base 7, what is -4 - 43006?
-43013
In base 14, what is 3a - -110?
14a
In base 9, what is -126730 + 3?
-126726
In base 12, what is -7068 - -7?
-7061
In base 2, what is -11000101100100 + 0?
-11000101100100
In base 7, what is 2311534 + 2?
2311536
In base 13, what is -20258 + 4?
-20254
In base 14, what is -a2 - 687?
-749
In base 4, what is 1022010201 - -2?
1022010203
In base 7, what is 514 + 42?
556
In base 14, what is 6 - -1527a?
15282
In base 15, what is 1c628 + -1?
1c627
In base 10, what is -55642 + -14?
-55656
In base 9, what is -21 - -15464?
15443
In base 3, what is 1010 + 1001201?
1002211
In base 9, what is -186011 - -4?
-186006
In base 10, what is 321745 + 2?
321747
In base 14, what is 6658 + 1?
6659
In base 2, what is 10000010000101101 + 10?
10000010000101111
In base 8, what is -12 - -41201?
41167
In base 2, what is -100001100 + -111000?
-101000100
In base 8, what is 0 + 31134?
31134
In base 3, what is -110112 + -12121102?
-20001221
In base 11, what is 46 - 28175?
-2812a
In base 15, what is -78 + 6687?
660e
In base 10, what is 2 - 372941?
-372939
In base 7, what is -156 - -14545?
14356
In base 9, what is 0 - -3621220?
3621220
In base 5, what is -1320 + -244?
-2114
In base 2, what is -1 - -1110001000111?
1110001000110
In base 14, what is 3dd - 6?
3d7
In base 7, what is -505 - 164?
-1002
In base 2, what is -1000011100110100 - 1110?
-1000011101000010
In base 10, what is 807 - 14?
793
In base 2, what is -111100111 + -10101110?
-1010010101
In base 2, what is 111 + -10010111001001011?
-10010111001000100
In base 15, what is 2 + -10578?
-10576
In base 14, what is 0 - 301c?
-301c
In base 5, what is -20 - 203411?
-203431
In base 12, what is -7 + 238a7?
238a0
In base 12, what is -5 + b47a?
b475
In base 4, what is -3320103 + -22?
-3320131
In base 16, what is -9e - -420?
382
In base 10, what is 748 - 79?
669
In base 7, what is -355 - -15414?
15026
In base 14, what is 0 + -813a5?
-813a5
In base 3, what is -1020 - -212001?
210211
In base 8, what is -23071 + 111?
-22760
In base 3, what is 10 - 110110102?
-110110022
In base 3, what is 1202001200 + 2?
1202001202
In base 5, what is 232 + 24022?
24304
In base 5, what is -10413 + -131301?
-142214
In base 11, what is -8170 - 0?
-8170
In base 7, what is -5 + -153325?
-153333
In base 10, what is -33108 + 4?
-33104
In base 15, what is -185b + 0?
-185b
In base 6, what is -121 - -341200?
341035
In base 14, what is -36 - -50?
18
In base 10, what is -16891 - 2?
-16893
In base 13, what is -5 - -6299?
6294
In base 15, what is -6 - -4524?
451d
In base 7, what is -230 - 140321?
-140551
In base 13, what is -c4b7b + 3?
-c4b78
In base 6, what is -1505 + 23340?
21431
In base 3, what is 2002021120 - -21?
2002021211
In base 16, what is 6 - -7922?
7928
In base 14, what is -54502 + -7?
-54509
In base 5, what is -3 + 430213?
430210
In base 6, what is -2353 - -2140?
-213
In base 9, what is 4028 - -1?
4030
In base 4, what is -120221303 + -1?
-120221310
In base 9, what is 5 + 11633?
11638
In base 12, what is 760 - 2a?
732
In base 10, what is 321 - 501?
-180
In base 16, what is 6be - 64?
65a
In base 3, what is 2102100121 - -11?
2102100202
In base 11, what is 0 - -193?
193
In base 12, what is 252 + -782?
-530
In base 6, what is -155451 - -101?
-155350
In base 3, what is 1122202 + -201?
1122001
In base 7, what is -236 - -14330?
14061
In base 9, what is 10650 - -12?
10662
In base 14, what is 389 + 50?
3d9
In base 8, what is -3470 - -224?
-3244
In base 6, what is 354 - 232?
122
In base 14, what is 2a1d9 + 1?
2a1da
In base 13, what is -b82 - -13?
-b6c
In base 8, what is -3026656 - 5?
-3026663
In base 15, what is 805 - 10?
7e5
In base 5, what is -233324 - 42?
-233421
In base 5, what is -124 + -11042?
-11221
In base 9, what is 21735 + 3?
21738
In base 11, what is -142 + 12885?
12743
In base 13, what is 802 + -18?
7b7
In base 16, what is 3 - -11d2f5?
11d2f8
In base 5, what is 1401 + 412?
2313
In base 4, what is -2132 + 1001213?
333021
In base 14, what is 3a032 + 9?
3a03b
In base 2, what is 111 + -111101010010111?
-111101010010000
In base 10, what is 38 + -863?
-825
In base 16, what is -170 + -208?
-378
In base 13, what is 30c126 - -3?
30c129
In base 15, what is -16a - 14a?
-2b5
In base 12, what is -4 - -38324?
38320
In base 10, what is -1 - -36898?
36897
In base 12, what is -5b2 + -50?
-642
In base 8, what is 740 + 5231?
6171
In base 12, what is -5 - 17b3?
-17b8
In base 3, what is 221 - 11101022110?
-11101021112
In base 7, what is 0 - 333510?
-333510
In base 12, what is -b405b + -1?
-b4060
In base 9, what is -7484 - 57?
-7552
In base 4, what is -131 - 102213?
-103010
In base 9, what is -258587 + -2?
-258600
In base 6, what is -2203 - -101?
-2102
In base 16, what is 13 + e22?
e35
In base 14, what is -39133 + 0?
-39133
In base 5, what is 11 - -1302433?
1302444
In base 13, what is -313a - 12?
-314c
In base 4, what is 102021 - -122?
102203
In base 15, what is 38 - 85e4?
-85ab
In base 12, what is -b4 - 2?
-b6
In base 16, what is 197 + ba?
251
In base 15, what is 6d84d + 2?
6d850
In base 11, what is 6826423 - 4?
682641a
In base 3, what is 220 - -1112021121?
1112022111
In base 5, what is -13404 + -3222?
-22131
In base 9, what is -1 - 343508?
-343510
In base 2, what is 1111000100 - 10010100001?
-11011101
In base 14, what is 22848 + -3?
22845
In base 2, what is 100000110100010111 + -111000?
100000110011011111
In base 16, what is -6d - 79?
-e6
In base 7, what is 21 - 2465?
-2444
In base 10, what is -84374 - 28?
-84402
In base 4, what is -31